{"id":23,"date":"2023-05-06T19:18:04","date_gmt":"2023-05-06T19:18:04","guid":{"rendered":"http:\/\/mainhattandrive.de\/?page_id=23"},"modified":"2023-05-06T19:34:56","modified_gmt":"2023-05-06T19:34:56","slug":"impressum","status":"publish","type":"page","link":"https:\/\/mainhattandrive.de\/?page_id=23","title":{"rendered":"Impressum"},"content":{"rendered":"\n<p>Fahrschule Mainhattan Drive<\/p>\n\n\n\n<p>Inhaber und Verantwortlicher Leiter:<br>Mahfuz Rona<br><br>Adresse:<br>Friedberger Landstra\u00dfe 84<br>60316 Frankfurt am Main<br>Tel: 069\/15342961<br>Fax: 069\/15342962<br><br>E-mail: info@mainhattandrive.de<br>Web: www.mainhattandrive.de<br><br>Fahrschulerlaubnis gem\u00e4\u00df den \u00a7\u00a7 10-13 des Gesetzes \u00fcber das Fahrlehrerwesen<br><br>Rechtsform:<br>Einzelunternehmen<br><br>Aufsichtsbeh\u00f6rde:<br>Regierungspr\u00e4sidium Darmstadt<br>Luisenplatz 2<br>64283 Darmstadt<br><br>Haftungshinweis:<br>Alle Inhalte ,Grafiken ,Logos auf dieser Webseite sind Urheberrechtlich gesch\u00fctzt.<\/p>\n\n\n\n<p><strong>Hinweis:<\/strong><br>Wir \u00fcbernehmen keinerlei Haftung oder Garantie f\u00fcr Aktualit\u00e4t, Richtigkeit und Vollst\u00e4ndigkeit der zur Verf\u00fcgung gestellten Informationen. Ebenso \u00fcbernehmen wir keine Verantwortung f\u00fcr Handlungen, die auf der Grundlage dieser Webseite vorgenommen werden. Mainhattandrive ist nicht f\u00fcr Inhalte und Darstellungen anderer Webseiten verantwortlich, auf welche von unserer Seite verwiesen werden. Ebenso \u00fcbernehmen wir keine Haftung f\u00fcr Informationen auf Webseiten Dritter, die per Link auf diese Webseite verweisen.<\/p>\n","protected":false},"excerpt":{"rendered":"<p>Fahrschule Mainhattan Drive Inhaber und Verantwortlicher Leiter:Mahfuz Rona Adresse:Friedberger Landstra\u00dfe 8460316 Frankfurt am MainTel: 069\/15342961Fax: 069\/15342962 E-mail: info@mainhattandrive.deWeb: www.mainhattandrive.de Fahrschulerlaubnis gem\u00e4\u00df den \u00a7\u00a7 10-13 des Gesetzes \u00fcber das Fahrlehrerwesen Rechtsform:Einzelunternehmen Aufsichtsbeh\u00f6rde:Regierungspr\u00e4sidium DarmstadtLuisenplatz 264283 Darmstadt Haftungshinweis:Alle Inhalte ,Grafiken ,Logos auf dieser Webseite sind Urheberrechtlich gesch\u00fctzt. Hinweis:Wir \u00fcbernehmen keinerlei Haftung oder Garantie f\u00fcr Aktualit\u00e4t, Richtigkeit und Vollst\u00e4ndigkeit &hellip;<\/p>\n<p class=\"read-more\"> <a class=\"\" href=\"https:\/\/mainhattandrive.de\/?page_id=23\"> <span class=\"screen-reader-text\">Impressum<\/span> Weiterlesen &raquo;<\/a><\/p>\n","protected":false},"author":1,"featured_media":0,"parent":0,"menu_order":0,"comment_status":"closed","ping_status":"closed","template":"","meta":{"site-sidebar-layout":"default","site-content-layout":"default","ast-global-header-display":"","ast-main-header-display":"","ast-hfb-above-header-display":"","ast-hfb-below-header-display":"","ast-hfb-mobile-header-display":"","site-post-title":"","ast-breadcrumbs-content":"","ast-featured-img":"","footer-sml-layout":"","theme-transparent-header-meta":"","adv-header-id-meta":"","stick-header-meta":"","header-above-stick-meta":"","header-main-stick-meta":"","header-below-stick-meta":""},"_links":{"self":[{"href":"https:\/\/mainhattandrive.de\/index.php?rest_route=\/wp\/v2\/pages\/23"}],"collection":[{"href":"https:\/\/mainhattandrive.de\/index.php?rest_route=\/wp\/v2\/pages"}],"about":[{"href":"https:\/\/mainhattandrive.de\/index.php?rest_route=\/wp\/v2\/types\/page"}],"author":[{"embeddable":true,"href":"https:\/\/mainhattandrive.de\/index.php?rest_route=\/wp\/v2\/users\/1"}],"replies":[{"embeddable":true,"href":"https:\/\/mainhattandrive.de\/index.php?rest_route=%2Fwp%2Fv2%2Fcomments&post=23"}],"version-history":[{"count":2,"href":"https:\/\/mainhattandrive.de\/index.php?rest_route=\/wp\/v2\/pages\/23\/revisions"}],"predecessor-version":[{"id":52,"href":"https:\/\/mainhattandrive.de\/index.php?rest_route=\/wp\/v2\/pages\/23\/revisions\/52"}],"wp:attachment":[{"href":"https:\/\/mainhattandrive.de\/index.php?rest_route=%2Fwp%2Fv2%2Fmedia&parent=23"}],"curies":[{"name":"wp","href":"https:\/\/api.w.org\/{rel}","templated":true}]}}