{"id":11,"date":"2023-05-06T18:55:41","date_gmt":"2023-05-06T18:55:41","guid":{"rendered":"http:\/\/mainhattandrive.de\/?page_id=11"},"modified":"2023-05-06T19:27:00","modified_gmt":"2023-05-06T19:27:00","slug":"leistungen","status":"publish","type":"page","link":"https:\/\/mainhattandrive.de\/?page_id=11","title":{"rendered":"Leistungen"},"content":{"rendered":"\n<p><strong>Was bietet Dir die Fahrschule Mainhattan Drive?<\/strong><\/p>\n\n\n\n<ul>\n<li>PKW-, Motorrad-, Moped und Mofa Ausbildung<\/li>\n\n\n\n<li>Ausbildung der Klassen&nbsp;<strong>A \/ A2 \/ A1 \/ AM \/ B \/ BE<\/strong><\/li>\n\n\n\n<li>Theoriezusatzunterricht auf Englisch und T\u00fcrkisch<\/li>\n\n\n\n<li>Zentrale Lage<\/li>\n\n\n\n<li>Onlinefrageb\u00f6gen lernen f\u00fcr Theoriepr\u00fcfung \/ auch mit App auf dem Handy<\/li>\n\n\n\n<li>Praktischer Unterricht auf Deutsch, Englisch und T\u00fcrkisch<\/li>\n\n\n\n<li>Intensive Vorbereitung auf die praktische Pr\u00fcfung<\/li>\n\n\n\n<li>Videoaufzeichung der Fahrstunde mit anschlie\u00dfender Videoanalyse<\/li>\n\n\n\n<li>Abholservice<\/li>\n\n\n\n<li>Auffrischungskurse f\u00fcr den leichten Wiedereinstieg<\/li>\n\n\n\n<li>Ausbildung auf Automatik<\/li>\n<\/ul>\n","protected":false},"excerpt":{"rendered":"<p>Was bietet Dir die Fahrschule Mainhattan Drive?<\/p>\n","protected":false},"author":1,"featured_media":0,"parent":0,"menu_order":0,"comment_status":"closed","ping_status":"closed","template":"","meta":{"site-sidebar-layout":"default","site-content-layout":"default","ast-global-header-display":"","ast-main-header-display":"","ast-hfb-above-header-display":"","ast-hfb-below-header-display":"","ast-hfb-mobile-header-display":"","site-post-title":"","ast-breadcrumbs-content":"","ast-featured-img":"","footer-sml-layout":"","theme-transparent-header-meta":"","adv-header-id-meta":"","stick-header-meta":"","header-above-stick-meta":"","header-main-stick-meta":"","header-below-stick-meta":""},"_links":{"self":[{"href":"https:\/\/mainhattandrive.de\/index.php?rest_route=\/wp\/v2\/pages\/11"}],"collection":[{"href":"https:\/\/mainhattandrive.de\/index.php?rest_route=\/wp\/v2\/pages"}],"about":[{"href":"https:\/\/mainhattandrive.de\/index.php?rest_route=\/wp\/v2\/types\/page"}],"author":[{"embeddable":true,"href":"https:\/\/mainhattandrive.de\/index.php?rest_route=\/wp\/v2\/users\/1"}],"replies":[{"embeddable":true,"href":"https:\/\/mainhattandrive.de\/index.php?rest_route=%2Fwp%2Fv2%2Fcomments&post=11"}],"version-history":[{"count":2,"href":"https:\/\/mainhattandrive.de\/index.php?rest_route=\/wp\/v2\/pages\/11\/revisions"}],"predecessor-version":[{"id":42,"href":"https:\/\/mainhattandrive.de\/index.php?rest_route=\/wp\/v2\/pages\/11\/revisions\/42"}],"wp:attachment":[{"href":"https:\/\/mainhattandrive.de\/index.php?rest_route=%2Fwp%2Fv2%2Fmedia&parent=11"}],"curies":[{"name":"wp","href":"https:\/\/api.w.org\/{rel}","templated":true}]}}